{"id":3493,"date":"2026-03-07T17:21:15","date_gmt":"2026-03-07T16:21:15","guid":{"rendered":"https:\/\/www.ernestpianotrio.com\/concert\/fete-de-la-musique-de-geneve-pierrot-lunaire\/"},"modified":"2026-03-07T17:21:24","modified_gmt":"2026-03-07T16:21:24","slug":"fete-de-la-musique-de-geneve-pierrot-lunaire","status":"publish","type":"tribe_events","link":"https:\/\/www.ernestpianotrio.com\/en\/concert\/fete-de-la-musique-de-geneve-pierrot-lunaire\/","title":{"rendered":"F\u00eate de la Musique de Gen\u00e8ve &#8211; Pierrot Lunaire"},"content":{"rendered":"<p>With Zo\u00e9 Gosset, soprano, Johann Vacher, conductor, Maud Besnard, transverse flute, Fabio Lo Curto, clarinet, and Mathurin Bouny, viola;<br \/>\nArnold Schoenberg: Pierrot Lunaire; Gustav Mahler: Piano Quartet;<\/p>\n<p>&nbsp;<\/p>\n","protected":false},"excerpt":{"rendered":"<p>With Zo\u00e9 Gosset, soprano, Johann Vacher, conductor, Maud Besnard, transverse flute, Fabio Lo Curto, clarinet, and Mathurin Bouny, viola; Arnold Schoenberg: Pierrot Lunaire; Gustav Mahler: Piano Quartet; &nbsp;<\/p>\n","protected":false},"author":3,"featured_media":3486,"comment_status":"open","ping_status":"closed","template":"","meta":{"_et_pb_use_builder":"","_et_pb_old_content":"","_et_gb_content_width":"","_tribe_events_status":"","_tribe_events_status_reason":"","footnotes":""},"tags":[],"tribe_events_cat":[],"class_list":["post-3493","tribe_events","type-tribe_events","status-publish","has-post-thumbnail","hentry"],"_links":{"self":[{"href":"https:\/\/www.ernestpianotrio.com\/en\/wp-json\/wp\/v2\/tribe_events\/3493","targetHints":{"allow":["GET"]}}],"collection":[{"href":"https:\/\/www.ernestpianotrio.com\/en\/wp-json\/wp\/v2\/tribe_events"}],"about":[{"href":"https:\/\/www.ernestpianotrio.com\/en\/wp-json\/wp\/v2\/types\/tribe_events"}],"author":[{"embeddable":true,"href":"https:\/\/www.ernestpianotrio.com\/en\/wp-json\/wp\/v2\/users\/3"}],"replies":[{"embeddable":true,"href":"https:\/\/www.ernestpianotrio.com\/en\/wp-json\/wp\/v2\/comments?post=3493"}],"version-history":[{"count":1,"href":"https:\/\/www.ernestpianotrio.com\/en\/wp-json\/wp\/v2\/tribe_events\/3493\/revisions"}],"predecessor-version":[{"id":3495,"href":"https:\/\/www.ernestpianotrio.com\/en\/wp-json\/wp\/v2\/tribe_events\/3493\/revisions\/3495"}],"wp:featuredmedia":[{"embeddable":true,"href":"https:\/\/www.ernestpianotrio.com\/en\/wp-json\/wp\/v2\/media\/3486"}],"wp:attachment":[{"href":"https:\/\/www.ernestpianotrio.com\/en\/wp-json\/wp\/v2\/media?parent=3493"}],"wp:term":[{"taxonomy":"post_tag","embeddable":true,"href":"https:\/\/www.ernestpianotrio.com\/en\/wp-json\/wp\/v2\/tags?post=3493"},{"taxonomy":"tribe_events_cat","embeddable":true,"href":"https:\/\/www.ernestpianotrio.com\/en\/wp-json\/wp\/v2\/tribe_events_cat?post=3493"}],"curies":[{"name":"wp","href":"https:\/\/api.w.org\/{rel}","templated":true}]}}

Fête de la Musique de Genève &#8211; Pierrot Lunaire

<p>With Zoé Gosset, soprano, Johann Vacher, conductor, Maud Besnard, transverse flute, Fabio Lo Curto, clarinet, and Mathurin Bouny, viola;<br />
Arnold Schoenberg: Pierrot Lunaire; Gustav Mahler: Piano Quartet;</p>
<p>&nbsp;</p>

<p>With Zoé Gosset, soprano, Johann Vacher, conductor, Maud Besnard, transverse flute, Fabio Lo Curto, clarinet, and Mathurin Bouny, viola; Arnold Schoenberg: Pierrot Lunaire; Gustav Mahler: Piano Quartet; &nbsp;</p>
