{"id":2839,"date":"2025-09-20T12:05:57","date_gmt":"2025-09-20T10:05:57","guid":{"rendered":"https:\/\/www.ernestpianotrio.com\/concert\/generations-france-musique-le-live\/"},"modified":"2026-01-12T22:58:31","modified_gmt":"2026-01-12T21:58:31","slug":"generations-france-musique-le-live","status":"publish","type":"tribe_events","link":"https:\/\/www.ernestpianotrio.com\/en\/concert\/generations-france-musique-le-live\/","title":{"rendered":"G\u00e9n\u00e9rations France Musique, le Live"},"content":{"rendered":"<p>With \u00c9l\u00e9onore Billy, nyckelharpa ;<\/p>\n<p>Reinecke, Trio n\u00b01 ;<\/p>\n<p>Maier \/ R\u00f6ntgen: Schwedische Weisen und T\u00e4nze op. 6 (arr. for nyckelharpa and piano trio) <\/p>\n","protected":false},"excerpt":{"rendered":"<p>With \u00c9l\u00e9onore Billy, nyckelharpa ; Reinecke, Trio n\u00b01 ; Maier \/ R\u00f6ntgen: Schwedische Weisen und T\u00e4nze op. 6 (arr. for nyckelharpa and piano trio)<\/p>\n","protected":false},"author":3,"featured_media":2836,"comment_status":"open","ping_status":"closed","template":"","meta":{"_et_pb_use_builder":"","_et_pb_old_content":"","_et_gb_content_width":"","_tribe_events_status":"","_tribe_events_status_reason":"","footnotes":""},"tags":[],"tribe_events_cat":[],"class_list":["post-2839","tribe_events","type-tribe_events","status-publish","has-post-thumbnail","hentry"],"_links":{"self":[{"href":"https:\/\/www.ernestpianotrio.com\/en\/wp-json\/wp\/v2\/tribe_events\/2839","targetHints":{"allow":["GET"]}}],"collection":[{"href":"https:\/\/www.ernestpianotrio.com\/en\/wp-json\/wp\/v2\/tribe_events"}],"about":[{"href":"https:\/\/www.ernestpianotrio.com\/en\/wp-json\/wp\/v2\/types\/tribe_events"}],"author":[{"embeddable":true,"href":"https:\/\/www.ernestpianotrio.com\/en\/wp-json\/wp\/v2\/users\/3"}],"replies":[{"embeddable":true,"href":"https:\/\/www.ernestpianotrio.com\/en\/wp-json\/wp\/v2\/comments?post=2839"}],"version-history":[{"count":1,"href":"https:\/\/www.ernestpianotrio.com\/en\/wp-json\/wp\/v2\/tribe_events\/2839\/revisions"}],"predecessor-version":[{"id":3035,"href":"https:\/\/www.ernestpianotrio.com\/en\/wp-json\/wp\/v2\/tribe_events\/2839\/revisions\/3035"}],"wp:featuredmedia":[{"embeddable":true,"href":"https:\/\/www.ernestpianotrio.com\/en\/wp-json\/wp\/v2\/media\/2836"}],"wp:attachment":[{"href":"https:\/\/www.ernestpianotrio.com\/en\/wp-json\/wp\/v2\/media?parent=2839"}],"wp:term":[{"taxonomy":"post_tag","embeddable":true,"href":"https:\/\/www.ernestpianotrio.com\/en\/wp-json\/wp\/v2\/tags?post=2839"},{"taxonomy":"tribe_events_cat","embeddable":true,"href":"https:\/\/www.ernestpianotrio.com\/en\/wp-json\/wp\/v2\/tribe_events_cat?post=2839"}],"curies":[{"name":"wp","href":"https:\/\/api.w.org\/{rel}","templated":true}]}}

Générations France Musique, le Live

<p>With Éléonore Billy, nyckelharpa ;</p>
<p>Reinecke, Trio n°1 ;</p>
<p>Maier / Röntgen: Schwedische Weisen und Tänze op. 6 (arr. for nyckelharpa and piano trio) </p>

<p>With Éléonore Billy, nyckelharpa ; Reinecke, Trio n°1 ; Maier / Röntgen: Schwedische Weisen und Tänze op. 6 (arr. for nyckelharpa and piano trio)</p>
