{"id":2796,"date":"2025-08-30T17:19:31","date_gmt":"2025-08-30T15:19:31","guid":{"rendered":"https:\/\/www.ernestpianotrio.com\/concert\/pro-musicis-the-wonderful-adventures-of-amanda-maier\/"},"modified":"2026-01-09T15:35:33","modified_gmt":"2026-01-09T14:35:33","slug":"pro-musicis-the-wonderful-adventures-of-amanda-maier","status":"publish","type":"tribe_events","link":"https:\/\/www.ernestpianotrio.com\/en\/concert\/pro-musicis-the-wonderful-adventures-of-amanda-maier\/","title":{"rendered":"Pro Musicis &#8211; The Wonderful Adventures of Amanda Maier"},"content":{"rendered":"<p>Paris opening of the trio&#8217;s new album, devoted to Amanda Maier.<br \/>\nWith \u00c9l\u00e9onore Billy, Nyckelharpa.<br \/>\nAs part of the Pro Musicis season.<\/p>\n<p>Amanda Maier &#8211; Julius R\u00f6ntgen: Schwedishe Weisen und T\u00e4nze;<br \/>\nCarl Reinecke: Trio No. 1;<br \/>\nJohannes Brahms: Trio No. 3;<\/p>\n","protected":false},"excerpt":{"rendered":"<p>Paris opening of the trio&#8217;s new album, devoted to Amanda Maier. With \u00c9l\u00e9onore Billy, Nyckelharpa. As part of the Pro Musicis season. Amanda Maier &#8211; Julius R\u00f6ntgen: Schwedishe Weisen und [&hellip;]<\/p>\n","protected":false},"author":3,"featured_media":2791,"comment_status":"open","ping_status":"closed","template":"","meta":{"_et_pb_use_builder":"","_et_pb_old_content":"","_et_gb_content_width":"","_tribe_events_status":"","_tribe_events_status_reason":"","footnotes":""},"tags":[],"tribe_events_cat":[],"class_list":["post-2796","tribe_events","type-tribe_events","status-publish","has-post-thumbnail","hentry"],"_links":{"self":[{"href":"https:\/\/www.ernestpianotrio.com\/en\/wp-json\/wp\/v2\/tribe_events\/2796","targetHints":{"allow":["GET"]}}],"collection":[{"href":"https:\/\/www.ernestpianotrio.com\/en\/wp-json\/wp\/v2\/tribe_events"}],"about":[{"href":"https:\/\/www.ernestpianotrio.com\/en\/wp-json\/wp\/v2\/types\/tribe_events"}],"author":[{"embeddable":true,"href":"https:\/\/www.ernestpianotrio.com\/en\/wp-json\/wp\/v2\/users\/3"}],"replies":[{"embeddable":true,"href":"https:\/\/www.ernestpianotrio.com\/en\/wp-json\/wp\/v2\/comments?post=2796"}],"version-history":[{"count":1,"href":"https:\/\/www.ernestpianotrio.com\/en\/wp-json\/wp\/v2\/tribe_events\/2796\/revisions"}],"predecessor-version":[{"id":2920,"href":"https:\/\/www.ernestpianotrio.com\/en\/wp-json\/wp\/v2\/tribe_events\/2796\/revisions\/2920"}],"wp:featuredmedia":[{"embeddable":true,"href":"https:\/\/www.ernestpianotrio.com\/en\/wp-json\/wp\/v2\/media\/2791"}],"wp:attachment":[{"href":"https:\/\/www.ernestpianotrio.com\/en\/wp-json\/wp\/v2\/media?parent=2796"}],"wp:term":[{"taxonomy":"post_tag","embeddable":true,"href":"https:\/\/www.ernestpianotrio.com\/en\/wp-json\/wp\/v2\/tags?post=2796"},{"taxonomy":"tribe_events_cat","embeddable":true,"href":"https:\/\/www.ernestpianotrio.com\/en\/wp-json\/wp\/v2\/tribe_events_cat?post=2796"}],"curies":[{"name":"wp","href":"https:\/\/api.w.org\/{rel}","templated":true}]}}

<p>Paris opening of the trio&#8217;s new album, devoted to Amanda Maier.<br />
With Éléonore Billy, Nyckelharpa.<br />
As part of the Pro Musicis season.</p>
<p>Amanda Maier &#8211; Julius Röntgen: Schwedishe Weisen und Tänze;<br />
Carl Reinecke: Trio No. 1;<br />
Johannes Brahms: Trio No. 3;</p>

<p>Paris opening of the trio&#8217;s new album, devoted to Amanda Maier. With Éléonore Billy, Nyckelharpa. As part of the Pro Musicis season. Amanda Maier &#8211; Julius Röntgen: Schwedishe Weisen und [&hellip;]</p>
