{"id":2755,"date":"2025-08-22T19:26:41","date_gmt":"2025-08-22T17:26:41","guid":{"rendered":"https:\/\/www.ernestpianotrio.com\/concert\/bee-classical-3\/"},"modified":"2025-08-22T19:26:41","modified_gmt":"2025-08-22T17:26:41","slug":"bee-classical-3","status":"publish","type":"tribe_events","link":"https:\/\/www.ernestpianotrio.com\/en\/concert\/bee-classical-3\/","title":{"rendered":"Bee Classical!"},"content":{"rendered":"<p>With the Orchestre des Pays de Savoie<\/p>\n<p><strong>B. Martin\u016f, <\/strong><em>Concertino for piano trio and string orchestra <\/em>H. 232<br \/>\nErnest Trio ;<\/p>\n<p><strong>C. Saint-Sa\u00ebns <\/strong><em>, La Muse et le Po\u00e8te <\/em>op. 132 (arr. David Walter)<br \/>\nSherzod Abdiev, violin<br \/>\nN. N., cello ; <\/p>\n<p><strong>G. Bacewicz, <\/strong><em>Concerto for string orchestra ; <\/em> <\/p>\n<p><strong>F. Mendelssohn, <\/strong><em>Concerto for piano, violin and strings <\/em>MWV 04<br \/>\nEkaterina Bonushkina, piano<br \/>\nMaksym Synytskyi, violin ;<\/p>\n","protected":false},"excerpt":{"rendered":"<p>With the Orchestre des Pays de Savoie B. Martin\u016f, Concertino for piano trio and string orchestra H. 232 Ernest Trio ; C. Saint-Sa\u00ebns , La Muse et le Po\u00e8te op. [&hellip;]<\/p>\n","protected":false},"author":3,"featured_media":2752,"comment_status":"open","ping_status":"closed","template":"","meta":{"_et_pb_use_builder":"","_et_pb_old_content":"","_et_gb_content_width":"","_tribe_events_status":"","_tribe_events_status_reason":"","footnotes":""},"tags":[],"tribe_events_cat":[],"class_list":["post-2755","tribe_events","type-tribe_events","status-publish","has-post-thumbnail","hentry"],"_links":{"self":[{"href":"https:\/\/www.ernestpianotrio.com\/en\/wp-json\/wp\/v2\/tribe_events\/2755","targetHints":{"allow":["GET"]}}],"collection":[{"href":"https:\/\/www.ernestpianotrio.com\/en\/wp-json\/wp\/v2\/tribe_events"}],"about":[{"href":"https:\/\/www.ernestpianotrio.com\/en\/wp-json\/wp\/v2\/types\/tribe_events"}],"author":[{"embeddable":true,"href":"https:\/\/www.ernestpianotrio.com\/en\/wp-json\/wp\/v2\/users\/3"}],"replies":[{"embeddable":true,"href":"https:\/\/www.ernestpianotrio.com\/en\/wp-json\/wp\/v2\/comments?post=2755"}],"version-history":[{"count":0,"href":"https:\/\/www.ernestpianotrio.com\/en\/wp-json\/wp\/v2\/tribe_events\/2755\/revisions"}],"wp:featuredmedia":[{"embeddable":true,"href":"https:\/\/www.ernestpianotrio.com\/en\/wp-json\/wp\/v2\/media\/2752"}],"wp:attachment":[{"href":"https:\/\/www.ernestpianotrio.com\/en\/wp-json\/wp\/v2\/media?parent=2755"}],"wp:term":[{"taxonomy":"post_tag","embeddable":true,"href":"https:\/\/www.ernestpianotrio.com\/en\/wp-json\/wp\/v2\/tags?post=2755"},{"taxonomy":"tribe_events_cat","embeddable":true,"href":"https:\/\/www.ernestpianotrio.com\/en\/wp-json\/wp\/v2\/tribe_events_cat?post=2755"}],"curies":[{"name":"wp","href":"https:\/\/api.w.org\/{rel}","templated":true}]}}

<p>With the Orchestre des Pays de Savoie</p>
<p><strong>B. Martinů, </strong><em>Concertino for piano trio and string orchestra </em>H. 232<br />
Ernest Trio ;</p>
<p><strong>C. Saint-Saëns </strong><em>, La Muse et le Poète </em>op. 132 (arr. David Walter)<br />
Sherzod Abdiev, violin<br />
N. N., cello ; </p>
<p><strong>G. Bacewicz, </strong><em>Concerto for string orchestra ; </em> </p>
<p><strong>F. Mendelssohn, </strong><em>Concerto for piano, violin and strings </em>MWV 04<br />
Ekaterina Bonushkina, piano<br />
Maksym Synytskyi, violin ;</p>

<p>With the Orchestre des Pays de Savoie B. Martinů, Concertino for piano trio and string orchestra H. 232 Ernest Trio ; C. Saint-Saëns , La Muse et le Poète op. [&hellip;]</p>
