{"id":3793,"date":"2026-08-28T16:52:13","date_gmt":"2026-08-28T14:52:13","guid":{"rendered":"https:\/\/www.ernestpianotrio.com\/concert\/bee-classical-4\/"},"modified":"2026-08-28T16:52:13","modified_gmt":"2026-08-28T14:52:13","slug":"bee-classical-4","status":"publish","type":"tribe_events","link":"https:\/\/www.ernestpianotrio.com\/de\/concert\/bee-classical-4\/","title":{"rendered":"Bee Classical !"},"content":{"rendered":"<p>Nehmen Sie in der gem\u00fctlichen Atmosph\u00e4re von \u201eFlocky la Loutre\u201c in der Rue de Carouge Platz und genie\u00dfen Sie ein klassisches Konzert der etwas anderen Art! Bei dampfendem Kaffee und einem k\u00f6stlichen Brunch gibt es nichts Sch\u00f6neres, um Ihren Sonntag musikalisch zu beginnen \u2026 <\/p>\n<p>Mit Laudine Dard, Harfenistin, Amelia Feuer, Sopranistin, und Asia Ahmetjanova, Komponistin.<\/p>\n","protected":false},"excerpt":{"rendered":"<p>Nehmen Sie in der gem\u00fctlichen Atmosph\u00e4re von \u201eFlocky la Loutre\u201c in der Rue de Carouge Platz und genie\u00dfen Sie ein klassisches Konzert der etwas anderen Art! Bei dampfendem Kaffee und [&hellip;]<\/p>\n","protected":false},"author":3,"featured_media":1021,"comment_status":"open","ping_status":"closed","template":"","meta":{"_et_pb_use_builder":"","_et_pb_old_content":"","_et_gb_content_width":"","_tribe_events_status":"","_tribe_events_status_reason":"","footnotes":""},"tags":[],"tribe_events_cat":[],"class_list":["post-3793","tribe_events","type-tribe_events","status-publish","has-post-thumbnail","hentry"],"_links":{"self":[{"href":"https:\/\/www.ernestpianotrio.com\/de\/wp-json\/wp\/v2\/tribe_events\/3793","targetHints":{"allow":["GET"]}}],"collection":[{"href":"https:\/\/www.ernestpianotrio.com\/de\/wp-json\/wp\/v2\/tribe_events"}],"about":[{"href":"https:\/\/www.ernestpianotrio.com\/de\/wp-json\/wp\/v2\/types\/tribe_events"}],"author":[{"embeddable":true,"href":"https:\/\/www.ernestpianotrio.com\/de\/wp-json\/wp\/v2\/users\/3"}],"replies":[{"embeddable":true,"href":"https:\/\/www.ernestpianotrio.com\/de\/wp-json\/wp\/v2\/comments?post=3793"}],"version-history":[{"count":0,"href":"https:\/\/www.ernestpianotrio.com\/de\/wp-json\/wp\/v2\/tribe_events\/3793\/revisions"}],"wp:featuredmedia":[{"embeddable":true,"href":"https:\/\/www.ernestpianotrio.com\/de\/wp-json\/wp\/v2\/media\/1021"}],"wp:attachment":[{"href":"https:\/\/www.ernestpianotrio.com\/de\/wp-json\/wp\/v2\/media?parent=3793"}],"wp:term":[{"taxonomy":"post_tag","embeddable":true,"href":"https:\/\/www.ernestpianotrio.com\/de\/wp-json\/wp\/v2\/tags?post=3793"},{"taxonomy":"tribe_events_cat","embeddable":true,"href":"https:\/\/www.ernestpianotrio.com\/de\/wp-json\/wp\/v2\/tribe_events_cat?post=3793"}],"curies":[{"name":"wp","href":"https:\/\/api.w.org\/{rel}","templated":true}]}}

<p>Nehmen Sie in der gemütlichen Atmosphäre von „Flocky la Loutre“ in der Rue de Carouge Platz und genießen Sie ein klassisches Konzert der etwas anderen Art! Bei dampfendem Kaffee und einem köstlichen Brunch gibt es nichts Schöneres, um Ihren Sonntag musikalisch zu beginnen … </p>
<p>Mit Laudine Dard, Harfenistin, Amelia Feuer, Sopranistin, und Asia Ahmetjanova, Komponistin.</p>

<p>Nehmen Sie in der gemütlichen Atmosphäre von „Flocky la Loutre“ in der Rue de Carouge Platz und genießen Sie ein klassisches Konzert der etwas anderen Art! Bei dampfendem Kaffee und [&hellip;]</p>
