{"id":3494,"date":"2026-03-07T17:21:15","date_gmt":"2026-03-07T16:21:15","guid":{"rendered":"https:\/\/www.ernestpianotrio.com\/concert\/fete-de-la-musique-de-geneve-pierrot-lunaire\/"},"modified":"2026-03-07T17:21:26","modified_gmt":"2026-03-07T16:21:26","slug":"fete-de-la-musique-de-geneve-pierrot-lunaire","status":"publish","type":"tribe_events","link":"https:\/\/www.ernestpianotrio.com\/de\/concert\/fete-de-la-musique-de-geneve-pierrot-lunaire\/","title":{"rendered":"F\u00eate de la Musique de Gen\u00e8ve &#8211; Pierrot Lunaire"},"content":{"rendered":"<p>Mit Zo\u00e9 Gosset, Sopran, Johann Vacher, Leitung, Maud Besnard, Querfl\u00f6te, Fabio Lo Curto, Klarinette, und Mathurin Bouny, Viola;<br \/>\nArnold Schoenberg: Pierrot Lunaire; Gustav Mahler: Klavierquartett ;<\/p>\n<p>&nbsp;<\/p>\n","protected":false},"excerpt":{"rendered":"<p>Mit Zo\u00e9 Gosset, Sopran, Johann Vacher, Leitung, Maud Besnard, Querfl\u00f6te, Fabio Lo Curto, Klarinette, und Mathurin Bouny, Viola; Arnold Schoenberg: Pierrot Lunaire; Gustav Mahler: Klavierquartett ; &nbsp;<\/p>\n","protected":false},"author":3,"featured_media":3487,"comment_status":"open","ping_status":"closed","template":"","meta":{"_et_pb_use_builder":"","_et_pb_old_content":"","_et_gb_content_width":"","_tribe_events_status":"","_tribe_events_status_reason":"","footnotes":""},"tags":[],"tribe_events_cat":[],"class_list":["post-3494","tribe_events","type-tribe_events","status-publish","has-post-thumbnail","hentry"],"_links":{"self":[{"href":"https:\/\/www.ernestpianotrio.com\/de\/wp-json\/wp\/v2\/tribe_events\/3494","targetHints":{"allow":["GET"]}}],"collection":[{"href":"https:\/\/www.ernestpianotrio.com\/de\/wp-json\/wp\/v2\/tribe_events"}],"about":[{"href":"https:\/\/www.ernestpianotrio.com\/de\/wp-json\/wp\/v2\/types\/tribe_events"}],"author":[{"embeddable":true,"href":"https:\/\/www.ernestpianotrio.com\/de\/wp-json\/wp\/v2\/users\/3"}],"replies":[{"embeddable":true,"href":"https:\/\/www.ernestpianotrio.com\/de\/wp-json\/wp\/v2\/comments?post=3494"}],"version-history":[{"count":1,"href":"https:\/\/www.ernestpianotrio.com\/de\/wp-json\/wp\/v2\/tribe_events\/3494\/revisions"}],"predecessor-version":[{"id":3496,"href":"https:\/\/www.ernestpianotrio.com\/de\/wp-json\/wp\/v2\/tribe_events\/3494\/revisions\/3496"}],"wp:featuredmedia":[{"embeddable":true,"href":"https:\/\/www.ernestpianotrio.com\/de\/wp-json\/wp\/v2\/media\/3487"}],"wp:attachment":[{"href":"https:\/\/www.ernestpianotrio.com\/de\/wp-json\/wp\/v2\/media?parent=3494"}],"wp:term":[{"taxonomy":"post_tag","embeddable":true,"href":"https:\/\/www.ernestpianotrio.com\/de\/wp-json\/wp\/v2\/tags?post=3494"},{"taxonomy":"tribe_events_cat","embeddable":true,"href":"https:\/\/www.ernestpianotrio.com\/de\/wp-json\/wp\/v2\/tribe_events_cat?post=3494"}],"curies":[{"name":"wp","href":"https:\/\/api.w.org\/{rel}","templated":true}]}}

Fête de la Musique de Genève &#8211; Pierrot Lunaire

<p>Mit Zoé Gosset, Sopran, Johann Vacher, Leitung, Maud Besnard, Querflöte, Fabio Lo Curto, Klarinette, und Mathurin Bouny, Viola;<br />
Arnold Schoenberg: Pierrot Lunaire; Gustav Mahler: Klavierquartett ;</p>
<p>&nbsp;</p>

<p>Mit Zoé Gosset, Sopran, Johann Vacher, Leitung, Maud Besnard, Querflöte, Fabio Lo Curto, Klarinette, und Mathurin Bouny, Viola; Arnold Schoenberg: Pierrot Lunaire; Gustav Mahler: Klavierquartett ; &nbsp;</p>
