{"id":3188,"date":"2026-01-15T14:48:07","date_gmt":"2026-01-15T13:48:07","guid":{"rendered":"https:\/\/www.ernestpianotrio.com\/concert\/les-fieffes-musiciens-lunaire-die-reise-von-pierrot\/"},"modified":"2026-01-15T14:48:07","modified_gmt":"2026-01-15T13:48:07","slug":"les-fieffes-musiciens-lunaire-die-reise-von-pierrot","status":"publish","type":"tribe_events","link":"https:\/\/www.ernestpianotrio.com\/de\/concert\/les-fieffes-musiciens-lunaire-die-reise-von-pierrot\/","title":{"rendered":"Les Fieff\u00e9s Musiciens &#8211; Lunaire! Die Reise von Pierrot"},"content":{"rendered":"<p>Eine musikalische Auff\u00fchrung des Ensemble Caravelle rund um Sch\u00f6nbergs Pierrot Lunaire.<\/p>\n<p>Urauff\u00fchrung: Zo\u00e9 Gosset und Johann Vacher;<br \/>\nInszenierung: Arnaud Guillou;<\/p>\n<p>Mit Johann Vacher, musikalische Leitung; Zo\u00e9 Gosset, Sopran; Yoanna Marilleaud, Schauspielerin; Maud Besnard, Fl\u00f6te; Mathurin Bouny, Viola; Fabio Lo Curto, Klarinette.<\/p>\n","protected":false},"excerpt":{"rendered":"<p>Eine musikalische Auff\u00fchrung des Ensemble Caravelle rund um Sch\u00f6nbergs Pierrot Lunaire. Urauff\u00fchrung: Zo\u00e9 Gosset und Johann Vacher; Inszenierung: Arnaud Guillou; Mit Johann Vacher, musikalische Leitung; Zo\u00e9 Gosset, Sopran; Yoanna Marilleaud, [&hellip;]<\/p>\n","protected":false},"author":3,"featured_media":2245,"comment_status":"open","ping_status":"closed","template":"","meta":{"_et_pb_use_builder":"","_et_pb_old_content":"","_et_gb_content_width":"","_tribe_events_status":"","_tribe_events_status_reason":"","footnotes":""},"tags":[],"tribe_events_cat":[],"class_list":["post-3188","tribe_events","type-tribe_events","status-publish","has-post-thumbnail","hentry"],"_links":{"self":[{"href":"https:\/\/www.ernestpianotrio.com\/de\/wp-json\/wp\/v2\/tribe_events\/3188","targetHints":{"allow":["GET"]}}],"collection":[{"href":"https:\/\/www.ernestpianotrio.com\/de\/wp-json\/wp\/v2\/tribe_events"}],"about":[{"href":"https:\/\/www.ernestpianotrio.com\/de\/wp-json\/wp\/v2\/types\/tribe_events"}],"author":[{"embeddable":true,"href":"https:\/\/www.ernestpianotrio.com\/de\/wp-json\/wp\/v2\/users\/3"}],"replies":[{"embeddable":true,"href":"https:\/\/www.ernestpianotrio.com\/de\/wp-json\/wp\/v2\/comments?post=3188"}],"version-history":[{"count":0,"href":"https:\/\/www.ernestpianotrio.com\/de\/wp-json\/wp\/v2\/tribe_events\/3188\/revisions"}],"wp:featuredmedia":[{"embeddable":true,"href":"https:\/\/www.ernestpianotrio.com\/de\/wp-json\/wp\/v2\/media\/2245"}],"wp:attachment":[{"href":"https:\/\/www.ernestpianotrio.com\/de\/wp-json\/wp\/v2\/media?parent=3188"}],"wp:term":[{"taxonomy":"post_tag","embeddable":true,"href":"https:\/\/www.ernestpianotrio.com\/de\/wp-json\/wp\/v2\/tags?post=3188"},{"taxonomy":"tribe_events_cat","embeddable":true,"href":"https:\/\/www.ernestpianotrio.com\/de\/wp-json\/wp\/v2\/tribe_events_cat?post=3188"}],"curies":[{"name":"wp","href":"https:\/\/api.w.org\/{rel}","templated":true}]}}

Les Fieffés Musiciens &#8211; Lunaire! Die Reise von Pierrot

<p>Eine musikalische Aufführung des Ensemble Caravelle rund um Schönbergs Pierrot Lunaire.</p>
<p>Uraufführung: Zoé Gosset und Johann Vacher;<br />
Inszenierung: Arnaud Guillou;</p>
<p>Mit Johann Vacher, musikalische Leitung; Zoé Gosset, Sopran; Yoanna Marilleaud, Schauspielerin; Maud Besnard, Flöte; Mathurin Bouny, Viola; Fabio Lo Curto, Klarinette.</p>

<p>Eine musikalische Aufführung des Ensemble Caravelle rund um Schönbergs Pierrot Lunaire. Uraufführung: Zoé Gosset und Johann Vacher; Inszenierung: Arnaud Guillou; Mit Johann Vacher, musikalische Leitung; Zoé Gosset, Sopran; Yoanna Marilleaud, [&hellip;]</p>
