{"id":2927,"date":"2026-01-09T15:40:18","date_gmt":"2026-01-09T14:40:18","guid":{"rendered":"https:\/\/www.ernestpianotrio.com\/concert\/schwedenhaus-the-wonderful-adventures-of-amanda-maier\/"},"modified":"2026-01-15T15:12:29","modified_gmt":"2026-01-15T14:12:29","slug":"schwedenhaus-the-wonderful-adventures-of-amanda-maier","status":"publish","type":"tribe_events","link":"https:\/\/www.ernestpianotrio.com\/de\/concert\/schwedenhaus-the-wonderful-adventures-of-amanda-maier\/","title":{"rendered":"Schwedenhaus &#8211; The Wonderful Adventures of Amanda Maier"},"content":{"rendered":"<p>Pariser Vernissage des neuen Albums des Trios, das Amanda Maier gewidmet ist.<br \/>\nMit \u00c9l\u00e9onore Billy, Nyckelharpa.<\/p>\n<p>Amanda Maier: Trio;<br \/>\nJohannes Brahms: Trio Nr. 3;<br \/>\nA. Maier \/ J. R\u00f6ntgen: Schwedische Weisen und T\u00e4nze op. 6 (arr. f\u00fcr Nyckelharpa und Klaviertrio) <\/p>\n<p>&nbsp;<\/p>\n","protected":false},"excerpt":{"rendered":"<p>Pariser Vernissage des neuen Albums des Trios, das Amanda Maier gewidmet ist. Mit \u00c9l\u00e9onore Billy, Nyckelharpa. Amanda Maier: Trio; Johannes Brahms: Trio Nr. 3; A. Maier \/ J. R\u00f6ntgen: Schwedische [&hellip;]<\/p>\n","protected":false},"author":3,"featured_media":2924,"comment_status":"open","ping_status":"closed","template":"","meta":{"_et_pb_use_builder":"","_et_pb_old_content":"","_et_gb_content_width":"","_tribe_events_status":"","_tribe_events_status_reason":"","footnotes":""},"tags":[],"tribe_events_cat":[],"class_list":["post-2927","tribe_events","type-tribe_events","status-publish","has-post-thumbnail","hentry"],"_links":{"self":[{"href":"https:\/\/www.ernestpianotrio.com\/de\/wp-json\/wp\/v2\/tribe_events\/2927","targetHints":{"allow":["GET"]}}],"collection":[{"href":"https:\/\/www.ernestpianotrio.com\/de\/wp-json\/wp\/v2\/tribe_events"}],"about":[{"href":"https:\/\/www.ernestpianotrio.com\/de\/wp-json\/wp\/v2\/types\/tribe_events"}],"author":[{"embeddable":true,"href":"https:\/\/www.ernestpianotrio.com\/de\/wp-json\/wp\/v2\/users\/3"}],"replies":[{"embeddable":true,"href":"https:\/\/www.ernestpianotrio.com\/de\/wp-json\/wp\/v2\/comments?post=2927"}],"version-history":[{"count":1,"href":"https:\/\/www.ernestpianotrio.com\/de\/wp-json\/wp\/v2\/tribe_events\/2927\/revisions"}],"predecessor-version":[{"id":3231,"href":"https:\/\/www.ernestpianotrio.com\/de\/wp-json\/wp\/v2\/tribe_events\/2927\/revisions\/3231"}],"wp:featuredmedia":[{"embeddable":true,"href":"https:\/\/www.ernestpianotrio.com\/de\/wp-json\/wp\/v2\/media\/2924"}],"wp:attachment":[{"href":"https:\/\/www.ernestpianotrio.com\/de\/wp-json\/wp\/v2\/media?parent=2927"}],"wp:term":[{"taxonomy":"post_tag","embeddable":true,"href":"https:\/\/www.ernestpianotrio.com\/de\/wp-json\/wp\/v2\/tags?post=2927"},{"taxonomy":"tribe_events_cat","embeddable":true,"href":"https:\/\/www.ernestpianotrio.com\/de\/wp-json\/wp\/v2\/tribe_events_cat?post=2927"}],"curies":[{"name":"wp","href":"https:\/\/api.w.org\/{rel}","templated":true}]}}

<p>Pariser Vernissage des neuen Albums des Trios, das Amanda Maier gewidmet ist.<br />
Mit Éléonore Billy, Nyckelharpa.</p>
<p>Amanda Maier: Trio;<br />
Johannes Brahms: Trio Nr. 3;<br />
A. Maier / J. Röntgen: Schwedische Weisen und Tänze op. 6 (arr. für Nyckelharpa und Klaviertrio) </p>
<p>&nbsp;</p>

<p>Pariser Vernissage des neuen Albums des Trios, das Amanda Maier gewidmet ist. Mit Éléonore Billy, Nyckelharpa. Amanda Maier: Trio; Johannes Brahms: Trio Nr. 3; A. Maier / J. Röntgen: Schwedische [&hellip;]</p>
