{"id":2798,"date":"2025-08-30T17:19:31","date_gmt":"2025-08-30T15:19:31","guid":{"rendered":"https:\/\/www.ernestpianotrio.com\/concert\/pro-musicis-the-wonderful-adventures-of-amanda-maier\/"},"modified":"2026-01-09T15:35:35","modified_gmt":"2026-01-09T14:35:35","slug":"pro-musicis-the-wonderful-adventures-of-amanda-maier","status":"publish","type":"tribe_events","link":"https:\/\/www.ernestpianotrio.com\/de\/concert\/pro-musicis-the-wonderful-adventures-of-amanda-maier\/","title":{"rendered":"Pro Musicis &#8211; The Wonderful Adventures of Amanda Maier"},"content":{"rendered":"<p>Pariser Vernissage des neuen Albums des Trios, das Amanda Maier gewidmet ist.<br \/>\nMit \u00c9l\u00e9onore Billy, Nyckelharpa.<br \/>\nIm Rahmen der Pro Musicis Saison.<\/p>\n<p>Amanda Maier &#8211; Julius R\u00f6ntgen: Schwedische Weisen und T\u00e4nze;<br \/>\nCarl Reinecke: Trio Nr. 1;<br \/>\nJohannes Brahms: Trio Nr. 3 ;<\/p>\n","protected":false},"excerpt":{"rendered":"<p>Pariser Vernissage des neuen Albums des Trios, das Amanda Maier gewidmet ist. Mit \u00c9l\u00e9onore Billy, Nyckelharpa. Im Rahmen der Pro Musicis Saison. Amanda Maier &#8211; Julius R\u00f6ntgen: Schwedische Weisen und [&hellip;]<\/p>\n","protected":false},"author":3,"featured_media":2792,"comment_status":"open","ping_status":"closed","template":"","meta":{"_et_pb_use_builder":"","_et_pb_old_content":"","_et_gb_content_width":"","_tribe_events_status":"","_tribe_events_status_reason":"","footnotes":""},"tags":[],"tribe_events_cat":[],"class_list":["post-2798","tribe_events","type-tribe_events","status-publish","has-post-thumbnail","hentry"],"_links":{"self":[{"href":"https:\/\/www.ernestpianotrio.com\/de\/wp-json\/wp\/v2\/tribe_events\/2798","targetHints":{"allow":["GET"]}}],"collection":[{"href":"https:\/\/www.ernestpianotrio.com\/de\/wp-json\/wp\/v2\/tribe_events"}],"about":[{"href":"https:\/\/www.ernestpianotrio.com\/de\/wp-json\/wp\/v2\/types\/tribe_events"}],"author":[{"embeddable":true,"href":"https:\/\/www.ernestpianotrio.com\/de\/wp-json\/wp\/v2\/users\/3"}],"replies":[{"embeddable":true,"href":"https:\/\/www.ernestpianotrio.com\/de\/wp-json\/wp\/v2\/comments?post=2798"}],"version-history":[{"count":1,"href":"https:\/\/www.ernestpianotrio.com\/de\/wp-json\/wp\/v2\/tribe_events\/2798\/revisions"}],"predecessor-version":[{"id":2921,"href":"https:\/\/www.ernestpianotrio.com\/de\/wp-json\/wp\/v2\/tribe_events\/2798\/revisions\/2921"}],"wp:featuredmedia":[{"embeddable":true,"href":"https:\/\/www.ernestpianotrio.com\/de\/wp-json\/wp\/v2\/media\/2792"}],"wp:attachment":[{"href":"https:\/\/www.ernestpianotrio.com\/de\/wp-json\/wp\/v2\/media?parent=2798"}],"wp:term":[{"taxonomy":"post_tag","embeddable":true,"href":"https:\/\/www.ernestpianotrio.com\/de\/wp-json\/wp\/v2\/tags?post=2798"},{"taxonomy":"tribe_events_cat","embeddable":true,"href":"https:\/\/www.ernestpianotrio.com\/de\/wp-json\/wp\/v2\/tribe_events_cat?post=2798"}],"curies":[{"name":"wp","href":"https:\/\/api.w.org\/{rel}","templated":true}]}}

<p>Pariser Vernissage des neuen Albums des Trios, das Amanda Maier gewidmet ist.<br />
Mit Éléonore Billy, Nyckelharpa.<br />
Im Rahmen der Pro Musicis Saison.</p>
<p>Amanda Maier &#8211; Julius Röntgen: Schwedische Weisen und Tänze;<br />
Carl Reinecke: Trio Nr. 1;<br />
Johannes Brahms: Trio Nr. 3 ;</p>

<p>Pariser Vernissage des neuen Albums des Trios, das Amanda Maier gewidmet ist. Mit Éléonore Billy, Nyckelharpa. Im Rahmen der Pro Musicis Saison. Amanda Maier &#8211; Julius Röntgen: Schwedische Weisen und [&hellip;]</p>
