{"id":2784,"date":"2025-08-29T10:29:11","date_gmt":"2025-08-29T08:29:11","guid":{"rendered":"https:\/\/www.ernestpianotrio.com\/concert\/mosaik-saison-conservatoire-populaire-de-geneve-volkskonservatorium-genf\/"},"modified":"2025-08-29T10:29:11","modified_gmt":"2025-08-29T08:29:11","slug":"mosaik-saison-conservatoire-populaire-de-geneve-volkskonservatorium-genf","status":"publish","type":"tribe_events","link":"https:\/\/www.ernestpianotrio.com\/de\/concert\/mosaik-saison-conservatoire-populaire-de-geneve-volkskonservatorium-genf\/","title":{"rendered":"Mosaik-Saison &#8211; Conservatoire Populaire de Gen\u00e8ve (Volkskonservatorium Genf)"},"content":{"rendered":"<p>Mit Anne-Laure Dottrens (Viola), Cyril Ledermann (Trompete), Massimo Pinca (Kontrabass) und Rada Hadjikostova (Violine).<br \/>\nunter Mitwirkung von Sch\u00fclern des Volkskonservatoriums.<\/p>\n<p>Lili Boulanger: &#8222;D&#8217;un matin de printemps&#8220;;<br \/>\nC\u00e9sar Franck: Quintett f\u00fcr Klavier und Streicher;<br \/>\nCamille Saint-Sa\u00ebns: Septett f\u00fcr Klavier, Trompete und Streicher ;<\/p>\n<p>&nbsp;<\/p>\n","protected":false},"excerpt":{"rendered":"<p>Mit Anne-Laure Dottrens (Viola), Cyril Ledermann (Trompete), Massimo Pinca (Kontrabass) und Rada Hadjikostova (Violine). unter Mitwirkung von Sch\u00fclern des Volkskonservatoriums. Lili Boulanger: &#8222;D&#8217;un matin de printemps&#8220;; C\u00e9sar Franck: Quintett f\u00fcr [&hellip;]<\/p>\n","protected":false},"author":3,"featured_media":2787,"comment_status":"open","ping_status":"closed","template":"","meta":{"_et_pb_use_builder":"","_et_pb_old_content":"","_et_gb_content_width":"","_tribe_events_status":"","_tribe_events_status_reason":"","footnotes":""},"tags":[],"tribe_events_cat":[],"class_list":["post-2784","tribe_events","type-tribe_events","status-publish","has-post-thumbnail","hentry"],"_links":{"self":[{"href":"https:\/\/www.ernestpianotrio.com\/de\/wp-json\/wp\/v2\/tribe_events\/2784","targetHints":{"allow":["GET"]}}],"collection":[{"href":"https:\/\/www.ernestpianotrio.com\/de\/wp-json\/wp\/v2\/tribe_events"}],"about":[{"href":"https:\/\/www.ernestpianotrio.com\/de\/wp-json\/wp\/v2\/types\/tribe_events"}],"author":[{"embeddable":true,"href":"https:\/\/www.ernestpianotrio.com\/de\/wp-json\/wp\/v2\/users\/3"}],"replies":[{"embeddable":true,"href":"https:\/\/www.ernestpianotrio.com\/de\/wp-json\/wp\/v2\/comments?post=2784"}],"version-history":[{"count":0,"href":"https:\/\/www.ernestpianotrio.com\/de\/wp-json\/wp\/v2\/tribe_events\/2784\/revisions"}],"wp:featuredmedia":[{"embeddable":true,"href":"https:\/\/www.ernestpianotrio.com\/de\/wp-json\/wp\/v2\/media\/2787"}],"wp:attachment":[{"href":"https:\/\/www.ernestpianotrio.com\/de\/wp-json\/wp\/v2\/media?parent=2784"}],"wp:term":[{"taxonomy":"post_tag","embeddable":true,"href":"https:\/\/www.ernestpianotrio.com\/de\/wp-json\/wp\/v2\/tags?post=2784"},{"taxonomy":"tribe_events_cat","embeddable":true,"href":"https:\/\/www.ernestpianotrio.com\/de\/wp-json\/wp\/v2\/tribe_events_cat?post=2784"}],"curies":[{"name":"wp","href":"https:\/\/api.w.org\/{rel}","templated":true}]}}

Mosaik-Saison &#8211; Conservatoire Populaire de Genève (Volkskonservatorium Genf)

<p>Mit Anne-Laure Dottrens (Viola), Cyril Ledermann (Trompete), Massimo Pinca (Kontrabass) und Rada Hadjikostova (Violine).<br />
unter Mitwirkung von Schülern des Volkskonservatoriums.</p>
<p>Lili Boulanger: &#8222;D&#8217;un matin de printemps&#8220;;<br />
César Franck: Quintett für Klavier und Streicher;<br />
Camille Saint-Saëns: Septett für Klavier, Trompete und Streicher ;</p>
<p>&nbsp;</p>

<p>Mit Anne-Laure Dottrens (Viola), Cyril Ledermann (Trompete), Massimo Pinca (Kontrabass) und Rada Hadjikostova (Violine). unter Mitwirkung von Schülern des Volkskonservatoriums. Lili Boulanger: &#8222;D&#8217;un matin de printemps&#8220;; César Franck: Quintett für [&hellip;]</p>
