{"id":2756,"date":"2025-08-22T19:26:41","date_gmt":"2025-08-22T17:26:41","guid":{"rendered":"https:\/\/www.ernestpianotrio.com\/concert\/bee-classical-3\/"},"modified":"2025-08-22T19:26:41","modified_gmt":"2025-08-22T17:26:41","slug":"bee-classical-3","status":"publish","type":"tribe_events","link":"https:\/\/www.ernestpianotrio.com\/de\/concert\/bee-classical-3\/","title":{"rendered":"Bee Classical !"},"content":{"rendered":"<p>Mit dem Orchestre des Pays de Savoie<\/p>\n<p><strong>B. Martin\u016f, <\/strong><em>Concertino f\u00fcr Klaviertrio und Streichorchester <\/em>H. 232<br \/>\nTrio Ernest ;<\/p>\n<p><strong>C. Saint-Sa\u00ebns, <\/strong><em>La Muse et le Po\u00e8te <\/em>op. 132 (arr. David Walter)<br \/>\nSherzod Abdiev, Violine<br \/>\nN. N., Violoncello ;<\/p>\n<p><strong>G. Bacewicz, <\/strong><em>Konzert f\u00fcr Streichorchester ; <\/em> <\/p>\n<p><strong>F. Mendelssohn, <\/strong><em>Konzert f\u00fcr Klavier, Violine und Streicher <\/em>MWV 04<br \/>\nEkaterina Bonushkina, Klavier<br \/>\nMaksym Synytskyi, Violine ;<\/p>\n","protected":false},"excerpt":{"rendered":"<p>Mit dem Orchestre des Pays de Savoie B. Martin\u016f, Concertino f\u00fcr Klaviertrio und Streichorchester H. 232 Trio Ernest ; C. Saint-Sa\u00ebns, La Muse et le Po\u00e8te op. 132 (arr. David [&hellip;]<\/p>\n","protected":false},"author":3,"featured_media":2753,"comment_status":"open","ping_status":"closed","template":"","meta":{"_et_pb_use_builder":"","_et_pb_old_content":"","_et_gb_content_width":"","_tribe_events_status":"","_tribe_events_status_reason":"","footnotes":""},"tags":[],"tribe_events_cat":[],"class_list":["post-2756","tribe_events","type-tribe_events","status-publish","has-post-thumbnail","hentry"],"_links":{"self":[{"href":"https:\/\/www.ernestpianotrio.com\/de\/wp-json\/wp\/v2\/tribe_events\/2756","targetHints":{"allow":["GET"]}}],"collection":[{"href":"https:\/\/www.ernestpianotrio.com\/de\/wp-json\/wp\/v2\/tribe_events"}],"about":[{"href":"https:\/\/www.ernestpianotrio.com\/de\/wp-json\/wp\/v2\/types\/tribe_events"}],"author":[{"embeddable":true,"href":"https:\/\/www.ernestpianotrio.com\/de\/wp-json\/wp\/v2\/users\/3"}],"replies":[{"embeddable":true,"href":"https:\/\/www.ernestpianotrio.com\/de\/wp-json\/wp\/v2\/comments?post=2756"}],"version-history":[{"count":0,"href":"https:\/\/www.ernestpianotrio.com\/de\/wp-json\/wp\/v2\/tribe_events\/2756\/revisions"}],"wp:featuredmedia":[{"embeddable":true,"href":"https:\/\/www.ernestpianotrio.com\/de\/wp-json\/wp\/v2\/media\/2753"}],"wp:attachment":[{"href":"https:\/\/www.ernestpianotrio.com\/de\/wp-json\/wp\/v2\/media?parent=2756"}],"wp:term":[{"taxonomy":"post_tag","embeddable":true,"href":"https:\/\/www.ernestpianotrio.com\/de\/wp-json\/wp\/v2\/tags?post=2756"},{"taxonomy":"tribe_events_cat","embeddable":true,"href":"https:\/\/www.ernestpianotrio.com\/de\/wp-json\/wp\/v2\/tribe_events_cat?post=2756"}],"curies":[{"name":"wp","href":"https:\/\/api.w.org\/{rel}","templated":true}]}}

<p>Mit dem Orchestre des Pays de Savoie</p>
<p><strong>B. Martinů, </strong><em>Concertino für Klaviertrio und Streichorchester </em>H. 232<br />
Trio Ernest ;</p>
<p><strong>C. Saint-Saëns, </strong><em>La Muse et le Poète </em>op. 132 (arr. David Walter)<br />
Sherzod Abdiev, Violine<br />
N. N., Violoncello ;</p>
<p><strong>G. Bacewicz, </strong><em>Konzert für Streichorchester ; </em> </p>
<p><strong>F. Mendelssohn, </strong><em>Konzert für Klavier, Violine und Streicher </em>MWV 04<br />
Ekaterina Bonushkina, Klavier<br />
Maksym Synytskyi, Violine ;</p>

<p>Mit dem Orchestre des Pays de Savoie B. Martinů, Concertino für Klaviertrio und Streichorchester H. 232 Trio Ernest ; C. Saint-Saëns, La Muse et le Poète op. 132 (arr. David [&hellip;]</p>
