{"id":1494,"date":"2020-01-07T10:48:13","date_gmt":"2020-01-07T09:48:13","guid":{"rendered":"https:\/\/www.ernestpianotrio.com\/stanislas-gosset\/"},"modified":"2024-04-30T10:57:56","modified_gmt":"2024-04-30T08:57:56","slug":"stanislas-gosset","status":"publish","type":"page","link":"https:\/\/www.ernestpianotrio.com\/de\/stanislas-gosset\/","title":{"rendered":"Stanislas Gosset"},"content":{"rendered":"<p>[et_pb_section fb_built=&#8220;1&#8243; module_id=&#8220;entete-beige&#8220; _builder_version=&#8220;4.0.8&#8243; background_color=&#8220;#f1eee7&#8243; custom_padding=&#8220;0px||0px||false|false&#8220;][et_pb_row column_structure=&#8220;1_4,3_4&#8243; _builder_version=&#8220;4.0.8&#8243;][et_pb_column type=&#8220;1_4&#8243; _builder_version=&#8220;4.0.8&#8243;][et_pb_text module_id=&#8220;entete-biographies&#8220; _builder_version=&#8220;4.0.8&#8243;]<\/p>\n<div class=\"et_pb_title_container\">\n<h1>\u00dcber uns<\/h1>\n<\/div>\n<p>[\/et_pb_text][\/et_pb_column][et_pb_column type=&#8220;3_4&#8243; _builder_version=&#8220;4.0.8&#8243;][et_pb_menu menu_id=&#8220;3&#8243; active_link_color=&#8220;#000000&#8243; module_id=&#8220;menu-bios&#8220; _builder_version=&#8220;4.0.8&#8243; menu_text_color=&#8220;#e6332a&#8220; menu_font_size=&#8220;18px&#8220; background_color=&#8220;rgba(255,255,255,0)&#8220; min_height=&#8220;19px&#8220; custom_padding=&#8220;20px|||||&#8220;][\/et_pb_menu][\/et_pb_column][\/et_pb_row][\/et_pb_section][et_pb_section fb_built=&#8220;1&#8243; _builder_version=&#8220;4.0.8&#8243;][et_pb_row column_structure=&#8220;2_5,3_5&#8243; _builder_version=&#8220;4.0.8&#8243;][et_pb_column type=&#8220;2_5&#8243; _builder_version=&#8220;4.0.8&#8243;][et_pb_image src=&#8220;https:\/\/www.ernestpianotrio.com\/wp-content\/uploads\/2023\/12\/Stanislas-Gosset-\u00a9-Bernard-Martinez-1.jpg&#8220; _builder_version=&#8220;4.0.8&#8243;][\/et_pb_image][\/et_pb_column][et_pb_column type=&#8220;3_5&#8243; _builder_version=&#8220;4.0.8&#8243;][et_pb_text _builder_version=&#8220;4.0.8&#8243; _dynamic_attributes=&#8220;content&#8220; custom_margin=&#8220;||10px|||&#8220;]@ET-DC@eyJkeW5hbWljIjp0cnVlLCJjb250ZW50IjoicG9zdF90aXRsZSIsInNldHRpbmdzIjp7ImJlZm9yZSI6IjxoMj4iLCJhZnRlciI6IjxcL2gyPiJ9fQ==@[\/et_pb_text][et_pb_text _builder_version=&#8220;4.0.8&#8243; custom_padding=&#8220;||7px|||&#8220;]<\/p>\n<p style=\"text-align: justify;\">Stanislas Gosset ist ein neugieriger und kreativer Violinist, der eine reiche Konzertkarriere verfolgt. Er tritt auf renommierten B\u00fchnen in Frankreich auf: Gro\u00dfer Saal der Pariser Philharmonie, Auditorium de la Seine Musicale, Salle Cortot; aber auch international: Shanghai Oriental Art Center, Bozar in Br\u00fcssel, Salle Franz Liszt in Genf, Jerusalem University of Arts, Franz Liszt Academy in Budapest, Schoenberg Center in Wien, etc. Er steht mit Musikern wie Ophelia Gaillard, Philippe Graffin, Marie-Jos\u00e8phe Jude, Christian-Pierre Lamarca, Genevi\u00e8ve Laurenceau, Stephan MacLeod, C\u00e9dric Pescia, Gabriel Pidoux, Vassilena Serafimova, Marianna Shirinyan u.a. auf der B\u00fchne. Als Solist mit Orchester trat er mit dem Orchester der Op\u00e9ra de Rouen Normandie, dem Juventutti Orchester, dem Orchester der Geidai Universit\u00e4t (Tokio), dem Orchester der HEM Genf oder dem Orchester des Cordes et Pics Festivals unter Dirigenten wie Kazuki Sawa, Jean-Marc Phillips-Varjab\u00e9dian oder Chloe Rooke auf.<\/p>\n<p style=\"text-align: justify;\">Zusammen mit Natasha Roque Alsina, Klavier, und Cl\u00e9ment Dami, Cello, gr\u00fcndete er 2019 das Ernest Trio. Ihre erste CD, <em>Haydn All-Stars<\/em>, erschien 2024 bei Apart\u00e9 und wurde von der internationalen Presse hoch gelobt (Editor&#8217;s choice von Gramophone, Troph\u00e9e Radio Classique, 5 diapasons&#8230;).<\/p>\n<p style=\"text-align: justify;\">Er ist im Bereich der zeitgen\u00f6ssischen Musik aktiv und ist einer der Widmungstr\u00e4ger des &#8222;Trio 2019&#8220; von Carlos Roque Alsina sowie des St\u00fccks &#8222;Ce double de mon \u00eatre&#8220; von Alain Besson f\u00fcr Violine und Klavier, das er im Dezember 2023 f\u00fcr das Label Coriolan aufnehmen wird. Er spielt regelm\u00e4\u00dfig im Lemanic Modern Ensemble.<\/p>\n<p style=\"text-align: justify;\">Da er sich leidenschaftlich f\u00fcr die Herausforderungen der k\u00fcnstlerischen Leitung und der Produktion interessiert, gr\u00fcndete er 2015 das Kammermusikfestival Les Fieff\u00e9s Musiciens in der Region Cotentin. Das Festival wurde f\u00fcr die &#8222;einfallsreiche K\u00fchnheit&#8220; seines Programms anerkannt (La presse de la Manche, Oktober 2020) und fand schnell seinen Platz in der reichen Musiklandschaft Frankreichs. <\/p>\n<p style=\"text-align: justify;\">Stanislas studierte an der Haute \u00c9cole de Musique de Gen\u00e8ve in den Klassen von Marie-Annick Nicolas und G\u00e1bor Tak\u00e1cs-Nagy. Er studierte an der Acad\u00e9mie Jaroussky bei Genevi\u00e8ve Laurenceau, an der Chapelle Reine Elisabeth in der Kammermusikklasse des Artemis Quartetts und von Corina Belcea und an der Hochschule der K\u00fcnste Bern in der Kammermusikklasse von Patrick J\u00fcdt.<\/p>\n<p>&nbsp;<\/p>\n<p style=\"text-align: left;\"><span> <\/span><\/p>\n<p>[\/et_pb_text][\/et_pb_column][\/et_pb_row][\/et_pb_section]<\/p>\n","protected":false},"excerpt":{"rendered":"<p>\u00dcber uns Stanislas Gosset ist ein neugieriger und kreativer Violinist, der eine reiche Konzertkarriere verfolgt. Er tritt auf renommierten B\u00fchnen in Frankreich auf: Gro\u00dfer Saal der Pariser Philharmonie, Auditorium de [&hellip;]<\/p>\n","protected":false},"author":2,"featured_media":0,"parent":0,"menu_order":0,"comment_status":"closed","ping_status":"closed","template":"","meta":{"_et_pb_use_builder":"on","_et_pb_old_content":"","_et_gb_content_width":"","footnotes":""},"class_list":["post-1494","page","type-page","status-publish","hentry"],"_links":{"self":[{"href":"https:\/\/www.ernestpianotrio.com\/de\/wp-json\/wp\/v2\/pages\/1494","targetHints":{"allow":["GET"]}}],"collection":[{"href":"https:\/\/www.ernestpianotrio.com\/de\/wp-json\/wp\/v2\/pages"}],"about":[{"href":"https:\/\/www.ernestpianotrio.com\/de\/wp-json\/wp\/v2\/types\/page"}],"author":[{"embeddable":true,"href":"https:\/\/www.ernestpianotrio.com\/de\/wp-json\/wp\/v2\/users\/2"}],"replies":[{"embeddable":true,"href":"https:\/\/www.ernestpianotrio.com\/de\/wp-json\/wp\/v2\/comments?post=1494"}],"version-history":[{"count":10,"href":"https:\/\/www.ernestpianotrio.com\/de\/wp-json\/wp\/v2\/pages\/1494\/revisions"}],"predecessor-version":[{"id":2053,"href":"https:\/\/www.ernestpianotrio.com\/de\/wp-json\/wp\/v2\/pages\/1494\/revisions\/2053"}],"wp:attachment":[{"href":"https:\/\/www.ernestpianotrio.com\/de\/wp-json\/wp\/v2\/media?parent=1494"}],"curies":[{"name":"wp","href":"https:\/\/api.w.org\/{rel}","templated":true}]}}

<p>[et_pb_section fb_built=&#8220;1&#8243; module_id=&#8220;entete-beige&#8220; _builder_version=&#8220;4.0.8&#8243; background_color=&#8220;#f1eee7&#8243; custom_padding=&#8220;0px||0px||false|false&#8220;][et_pb_row column_structure=&#8220;1_4,3_4&#8243; _builder_version=&#8220;4.0.8&#8243;][et_pb_column type=&#8220;1_4&#8243; _builder_version=&#8220;4.0.8&#8243;][et_pb_text module_id=&#8220;entete-biographies&#8220; _builder_version=&#8220;4.0.8&#8243;]</p>
<div class="et_pb_title_container">
<h1>Über uns</h1>
</div>
<p>[/et_pb_text][/et_pb_column][et_pb_column type=&#8220;3_4&#8243; _builder_version=&#8220;4.0.8&#8243;][et_pb_menu menu_id=&#8220;3&#8243; active_link_color=&#8220;#000000&#8243; module_id=&#8220;menu-bios&#8220; _builder_version=&#8220;4.0.8&#8243; menu_text_color=&#8220;#e6332a&#8220; menu_font_size=&#8220;18px&#8220; background_color=&#8220;rgba(255,255,255,0)&#8220; min_height=&#8220;19px&#8220; custom_padding=&#8220;20px|||||&#8220;][/et_pb_menu][/et_pb_column][/et_pb_row][/et_pb_section][et_pb_section fb_built=&#8220;1&#8243; _builder_version=&#8220;4.0.8&#8243;][et_pb_row column_structure=&#8220;2_5,3_5&#8243; _builder_version=&#8220;4.0.8&#8243;][et_pb_column type=&#8220;2_5&#8243; _builder_version=&#8220;4.0.8&#8243;][et_pb_image src=&#8220;https://www.ernestpianotrio.com/wp-content/uploads/2023/12/Stanislas-Gosset-©-Bernard-Martinez-1.jpg&#8220; _builder_version=&#8220;4.0.8&#8243;][/et_pb_image][/et_pb_column][et_pb_column type=&#8220;3_5&#8243; _builder_version=&#8220;4.0.8&#8243;][et_pb_text _builder_version=&#8220;4.0.8&#8243; _dynamic_attributes=&#8220;content&#8220; custom_margin=&#8220;||10px|||&#8220;]@ET-DC@eyJkeW5hbWljIjp0cnVlLCJjb250ZW50IjoicG9zdF90aXRsZSIsInNldHRpbmdzIjp7ImJlZm9yZSI6IjxoMj4iLCJhZnRlciI6IjxcL2gyPiJ9fQ==@[/et_pb_text][et_pb_text _builder_version=&#8220;4.0.8&#8243; custom_padding=&#8220;||7px|||&#8220;]</p>
<p style="text-align: justify;">Stanislas Gosset ist ein neugieriger und kreativer Violinist, der eine reiche Konzertkarriere verfolgt. Er tritt auf renommierten Bühnen in Frankreich auf: Großer Saal der Pariser Philharmonie, Auditorium de la Seine Musicale, Salle Cortot; aber auch international: Shanghai Oriental Art Center, Bozar in Brüssel, Salle Franz Liszt in Genf, Jerusalem University of Arts, Franz Liszt Academy in Budapest, Schoenberg Center in Wien, etc. Er steht mit Musikern wie Ophelia Gaillard, Philippe Graffin, Marie-Josèphe Jude, Christian-Pierre Lamarca, Geneviève Laurenceau, Stephan MacLeod, Cédric Pescia, Gabriel Pidoux, Vassilena Serafimova, Marianna Shirinyan u.a. auf der Bühne. Als Solist mit Orchester trat er mit dem Orchester der Opéra de Rouen Normandie, dem Juventutti Orchester, dem Orchester der Geidai Universität (Tokio), dem Orchester der HEM Genf oder dem Orchester des Cordes et Pics Festivals unter Dirigenten wie Kazuki Sawa, Jean-Marc Phillips-Varjabédian oder Chloe Rooke auf.</p>
<p style="text-align: justify;">Zusammen mit Natasha Roque Alsina, Klavier, und Clément Dami, Cello, gründete er 2019 das Ernest Trio. Ihre erste CD, <em>Haydn All-Stars</em>, erschien 2024 bei Aparté und wurde von der internationalen Presse hoch gelobt (Editor&#8217;s choice von Gramophone, Trophée Radio Classique, 5 diapasons&#8230;).</p>
<p style="text-align: justify;">Er ist im Bereich der zeitgenössischen Musik aktiv und ist einer der Widmungsträger des &#8222;Trio 2019&#8220; von Carlos Roque Alsina sowie des Stücks &#8222;Ce double de mon être&#8220; von Alain Besson für Violine und Klavier, das er im Dezember 2023 für das Label Coriolan aufnehmen wird. Er spielt regelmäßig im Lemanic Modern Ensemble.</p>
<p style="text-align: justify;">Da er sich leidenschaftlich für die Herausforderungen der künstlerischen Leitung und der Produktion interessiert, gründete er 2015 das Kammermusikfestival Les Fieffés Musiciens in der Region Cotentin. Das Festival wurde für die &#8222;einfallsreiche Kühnheit&#8220; seines Programms anerkannt (La presse de la Manche, Oktober 2020) und fand schnell seinen Platz in der reichen Musiklandschaft Frankreichs. </p>
<p style="text-align: justify;">Stanislas studierte an der Haute École de Musique de Genève in den Klassen von Marie-Annick Nicolas und Gábor Takács-Nagy. Er studierte an der Académie Jaroussky bei Geneviève Laurenceau, an der Chapelle Reine Elisabeth in der Kammermusikklasse des Artemis Quartetts und von Corina Belcea und an der Hochschule der Künste Bern in der Kammermusikklasse von Patrick Jüdt.</p>
<p>&nbsp;</p>
<p style="text-align: left;"><span> </span></p>
<p>[/et_pb_text][/et_pb_column][/et_pb_row][/et_pb_section]</p>

<p>Über uns Stanislas Gosset ist ein neugieriger und kreativer Violinist, der eine reiche Konzertkarriere verfolgt. Er tritt auf renommierten Bühnen in Frankreich auf: Großer Saal der Pariser Philharmonie, Auditorium de [&hellip;]</p>
