{"id":1085,"date":"2020-01-06T10:05:45","date_gmt":"2020-01-06T09:05:45","guid":{"rendered":"https:\/\/www.ernestpianotrio.com\/das-ernest-trio\/"},"modified":"2026-03-07T16:10:58","modified_gmt":"2026-03-07T15:10:58","slug":"das-ernest-trio","status":"publish","type":"page","link":"https:\/\/www.ernestpianotrio.com\/de\/das-ernest-trio\/","title":{"rendered":"Das Ernest Trio"},"content":{"rendered":"<p>[et_pb_section fb_built=&#8220;1&#8243; module_id=&#8220;entete-beige&#8220; _builder_version=&#8220;4.16&#8243; background_color=&#8220;#f1eee7&#8243; custom_padding=&#8220;0px||0px||false|false&#8220; global_colors_info=&#8220;{}&#8220;][et_pb_row column_structure=&#8220;1_4,3_4&#8243; _builder_version=&#8220;4.16&#8243; global_colors_info=&#8220;{}&#8220;][et_pb_column type=&#8220;1_4&#8243; _builder_version=&#8220;4.16&#8243; global_colors_info=&#8220;{}&#8220;][et_pb_text module_id=&#8220;entete-biographies&#8220; _builder_version=&#8220;4.16&#8243; global_colors_info=&#8220;{}&#8220;]<\/p>\n<div class=\"et_pb_title_container\">\n<h1><span>\u00dcber<\/span> uns <\/h1>\n<\/div>\n<p>[\/et_pb_text][\/et_pb_column][et_pb_column type=&#8220;3_4&#8243; _builder_version=&#8220;4.16&#8243; global_colors_info=&#8220;{}&#8220;][et_pb_menu menu_id=&#8220;3&#8243; active_link_color=&#8220;#000000&#8243; module_id=&#8220;menu-bios&#8220; _builder_version=&#8220;4.16&#8243; menu_text_color=&#8220;#e6332a&#8220; menu_font_size=&#8220;18px&#8220; background_color=&#8220;rgba(255,255,255,0)&#8220; min_height=&#8220;19px&#8220; custom_padding=&#8220;20px|||||&#8220; global_colors_info=&#8220;{}&#8220;][\/et_pb_menu][\/et_pb_column][\/et_pb_row][\/et_pb_section][et_pb_section fb_built=&#8220;1&#8243; _builder_version=&#8220;4.16&#8243; global_colors_info=&#8220;{}&#8220;][et_pb_row column_structure=&#8220;2_5,3_5&#8243; _builder_version=&#8220;4.16&#8243; global_colors_info=&#8220;{}&#8220;][et_pb_column type=&#8220;2_5&#8243; _builder_version=&#8220;4.16&#8243; global_colors_info=&#8220;{}&#8220;][et_pb_image src=&#8220;https:\/\/www.ernestpianotrio.com\/wp-content\/uploads\/2023\/12\/Trio-Ernest-2-\u00a9-Bernard-Martinez-1.jpg&#8220; _builder_version=&#8220;4.16&#8243; global_colors_info=&#8220;{}&#8220;][\/et_pb_image][\/et_pb_column][et_pb_column type=&#8220;3_5&#8243; _builder_version=&#8220;4.16&#8243; global_colors_info=&#8220;{}&#8220;][et_pb_text _builder_version=&#8220;4.16&#8243; _dynamic_attributes=&#8220;content&#8220; custom_margin=&#8220;||10px|||&#8220; global_colors_info=&#8220;{}&#8220;]@ET-DC@eyJkeW5hbWljIjp0cnVlLCJjb250ZW50IjoicG9zdF90aXRsZSIsInNldHRpbmdzIjp7ImJlZm9yZSI6IjxoMj4iLCJhZnRlciI6IjxcL2gyPiJ9fQ==@[\/et_pb_text][et_pb_text _builder_version=&#8220;4.16&#8243; custom_padding=&#8220;||0px|||&#8220; global_colors_info=&#8220;{}&#8220;]<\/p>\n<p style=\"text-align: justify;\"><i><span style=\"font-weight: 400;\"><\/span><\/i><\/p>\n<p style=\"text-align: justify;\"><i><span style=\"font-weight: 400;\"><\/span><\/i><\/p>\n<p style=\"text-align: justify;\"><i><span style=\"font-weight: 400;\">\u00ab One to watch. The Swiss Trio Ernest are quickly making a name for themselves, injecting youthful energy into new commissions and well known repertoire \u00bb <\/span><\/i><span style=\"font-weight: 400;\">Gramophone<\/span><\/p>\n<p style=\"text-align: justify;\"><span>Das 2019 in Genf gegr\u00fcndete franz\u00f6sisch-schweizerische Ensemble Trio Ernest hat sich dank seiner einzigartigen Pers\u00f6nlichkeit und seiner modernen und engagierten Herangehensweise an die klassische Musik auf der internationalen B\u00fchne etabliert. Nach einer ersten CD, die von der Presse einhellig gelobt wurde (Editor&#8217;s Choice von Gramophone, Troph\u00e9e Radio Classique, 5 Diapasons), wird das Jahr 2026 mit der Ver\u00f6ffentlichung eines neuen Opus er\u00f6ffnet,  <\/span><em>The Wonderful Adventures of Amanda Maier (Die wunderbaren Abenteuer von Amanda Maier)<\/em><span>. In Zusammenarbeit mit der Nyckelharpistin El\u00e9onore Billy l\u00e4sst das Trio hier romantische und traditionelle Musik aufeinandertreffen, um eines der gro\u00dfen Genies des 19. Eine Hommage, die bereits von der Kritik gew\u00fcrdigt wurde: CD der Woche von ABC Classic (Australien) und Klara (Belgien), das Album erscheint in der w\u00f6chentlichen Auswahl von Lib\u00e9ration und in zahlreichen internationalen Medien (Portugal, \u00d6sterreich, Deutschland, etc.). <\/span><\/p>\n<p style=\"text-align: justify;\"><span style=\"font-weight: 400;\">Diese starke Identit\u00e4t \u00f6ffnet ihnen die T\u00fcren zu den gro\u00dfen internationalen B\u00fchnen, von der Victoria Hall in Genf \u00fcber das Shanghai Oriental Art Center, die Salle Cortot in Paris, das Bozar in Br\u00fcssel, das Schoenberg Center in Wien, das Museo del Violino in Cremona und die Franz Liszt Academy in Budapest. Sie sind auch G\u00e4ste bei renommierten Festivals wie dem Flanders Festival Ghent, dem Swiss Chamber Music Festival oder dem Ravel-Festival. Sie arbeiten mit K\u00fcnstlern wie Ophelia Gaillard, Stephan MacLeod, Gabriel Pidoux, Vassilena Serafimova, dem Orchestre de l&#8217;Op\u00e9ra de Rouen, dem Orchestre des Pays de Savoie und dem Orchestre Juventutti sowie mit der Schauspielerin Dominique Reymond zusammen und sind sehr interessiert an neuen Begegnungen. Das Trio \u00fcbernimmt seit 2021 die k\u00fcnstlerische Leitung der Saison  <\/span><i><span style=\"font-weight: 400;\">Bee Classical !<\/span><\/i><span style=\"font-weight: 400;\">  in Genf, wo er sein k\u00fcnstlerisches Universum frei entfalten kann.  <\/span><\/p>\n<p style=\"text-align: justify;\"><span style=\"font-weight: 400;\">Die drei Musiker, die sich besonders f\u00fcr die Verteidigung der Komponistinnen von gestern und heute einsetzen, sind<\/span><span style=\"font-weight: 400;\">&#8211;<\/span><span style=\"font-weight: 400;\">ne<\/span><span style=\"font-weight: 400;\">&#8211;<\/span><span style=\"font-weight: 400;\">s programmieren f\u00fcr jedes ihrer Konzerte ein St\u00fcck, das von einer Frau komponiert wurde. Im Zuge dessen erhielten sie den Christian Zeller Award f\u00fcr ihre Interpretation des  <\/span><i><span style=\"font-weight: 400;\">Trio<\/span><\/i><span style=\"font-weight: 400;\">  von Maier und nehmen an La Bo\u00eete \u00e0 P\u00e9pites teil. In dem Wunsch, zur Dynamik ihres Repertoires beizutragen, gr\u00fcndeten sie die Trios<\/span><span style=\"font-weight: 400;\">  von Carlos Roque Alsina und Matteo Gualandi und haben viele Arrangements f\u00fcr ihre Formation erstellt. Au\u00dferdem sind sie umweltbewusst und reisen innerhalb Europas ohne Flugzeug, um die Auswirkungen ihres Berufs auf das Klima zu begrenzen. Auf diese Weise setzt sich das Trio auf seine Weise f\u00fcr eine zwar klassische, aber vor allem lebendige Musik ein, die mit den Herausforderungen des 21. Jahrhunderts verbunden ist. <\/span><\/p>\n<p style=\"text-align: justify;\"><span style=\"font-weight: 400;\">Er ist Alumnus der European Chamber Music Academy und hat zahlreiche internationale Preise gewonnen, darunter den Prix Pro Musicis (Paris), den ersten Preis des Verao Classico Chamber Music Award (Lissabon), den Orpheus-Wettbewerb (Z\u00fcrich) und den Chamber Music Award des ISA-Festivals (Wien). Das Trio ist Preistr\u00e4ger der Acad\u00e9mie Villecroze und hat einen Masterabschluss von der Hochschule der K\u00fcnste Bern in der Klasse von Patrick J\u00fcdt. Als ehemaliger Resident der Chapelle Musicale Reine Elisabeth und des ProQuartetts bildet er sich derzeit bei Mathieu Herzog weiter. <\/span><\/p>\n<p style=\"text-align: justify;\">Dank der gro\u00dfz\u00fcgigen Unterst\u00fctzung der Boubo-Music Foundation (Schweiz) spielt Stanislas Gosset eine Violine von Francesco Goffriller, die um 1735 in Venedig hergestellt wurde, und Cl\u00e9ment Dami ein Cello von Giacinto Santagiuliana, das um 1850 in Vincenza hergestellt wurde.<\/p>\n<p style=\"text-align: justify;\"><i><span style=\"font-weight: 400;\">Ohne die Genehmigung des Ernest Trios d\u00fcrfen keine \u00c4nderungen an dieser Biografie vorgenommen werden.<\/span><\/i><\/p>\n<p>[\/et_pb_text][\/et_pb_column][\/et_pb_row][\/et_pb_section]<\/p>\n","protected":false},"excerpt":{"rendered":"<p>Das Ernest Trio besteht aus Stanislas Gosset (Violine), Cl\u00e9ment Dami (Cello) und Natasha Roque Alsina (Klavier). Dank seiner einzigartigen Pers\u00f6nlichkeit und seiner modernen und engagierten Herangehensweise an die klassische Musik hat sich das Ernest Trio auf der internationalen B\u00fchne etabliert. Seine erste CD, Haydn All-Stars (Apart\u00e9), wurde von der Kritik einhellig gelobt und unter anderem mit einem Editor&#8217;s Choice von Gramophone, einer Troph\u00e9e Radio Classique und 5 Diapasons ausgezeichnet. Durch die Kombination von Haydns Trios mit Arrangements von St\u00fccken von Brahms und Ravel sowie dem Lieber Joseph der Komponistin Jacqueline Fontyn vertritt das Trio hier seine Vision eines Repertoires, das sich st\u00e4ndig neu erfindet und in der Gegenwart verankert ist. <\/p>\n","protected":false},"author":2,"featured_media":0,"parent":0,"menu_order":0,"comment_status":"closed","ping_status":"closed","template":"","meta":{"_et_pb_use_builder":"on","_et_pb_old_content":"","_et_gb_content_width":"","footnotes":""},"class_list":["post-1085","page","type-page","status-publish","hentry"],"_links":{"self":[{"href":"https:\/\/www.ernestpianotrio.com\/de\/wp-json\/wp\/v2\/pages\/1085","targetHints":{"allow":["GET"]}}],"collection":[{"href":"https:\/\/www.ernestpianotrio.com\/de\/wp-json\/wp\/v2\/pages"}],"about":[{"href":"https:\/\/www.ernestpianotrio.com\/de\/wp-json\/wp\/v2\/types\/page"}],"author":[{"embeddable":true,"href":"https:\/\/www.ernestpianotrio.com\/de\/wp-json\/wp\/v2\/users\/2"}],"replies":[{"embeddable":true,"href":"https:\/\/www.ernestpianotrio.com\/de\/wp-json\/wp\/v2\/comments?post=1085"}],"version-history":[{"count":44,"href":"https:\/\/www.ernestpianotrio.com\/de\/wp-json\/wp\/v2\/pages\/1085\/revisions"}],"predecessor-version":[{"id":3431,"href":"https:\/\/www.ernestpianotrio.com\/de\/wp-json\/wp\/v2\/pages\/1085\/revisions\/3431"}],"wp:attachment":[{"href":"https:\/\/www.ernestpianotrio.com\/de\/wp-json\/wp\/v2\/media?parent=1085"}],"curies":[{"name":"wp","href":"https:\/\/api.w.org\/{rel}","templated":true}]}}

<p>[et_pb_section fb_built=&#8220;1&#8243; module_id=&#8220;entete-beige&#8220; _builder_version=&#8220;4.16&#8243; background_color=&#8220;#f1eee7&#8243; custom_padding=&#8220;0px||0px||false|false&#8220; global_colors_info=&#8220;{}&#8220;][et_pb_row column_structure=&#8220;1_4,3_4&#8243; _builder_version=&#8220;4.16&#8243; global_colors_info=&#8220;{}&#8220;][et_pb_column type=&#8220;1_4&#8243; _builder_version=&#8220;4.16&#8243; global_colors_info=&#8220;{}&#8220;][et_pb_text module_id=&#8220;entete-biographies&#8220; _builder_version=&#8220;4.16&#8243; global_colors_info=&#8220;{}&#8220;]</p>
<div class="et_pb_title_container">
<h1><span>Über</span> uns </h1>
</div>
<p>[/et_pb_text][/et_pb_column][et_pb_column type=&#8220;3_4&#8243; _builder_version=&#8220;4.16&#8243; global_colors_info=&#8220;{}&#8220;][et_pb_menu menu_id=&#8220;3&#8243; active_link_color=&#8220;#000000&#8243; module_id=&#8220;menu-bios&#8220; _builder_version=&#8220;4.16&#8243; menu_text_color=&#8220;#e6332a&#8220; menu_font_size=&#8220;18px&#8220; background_color=&#8220;rgba(255,255,255,0)&#8220; min_height=&#8220;19px&#8220; custom_padding=&#8220;20px|||||&#8220; global_colors_info=&#8220;{}&#8220;][/et_pb_menu][/et_pb_column][/et_pb_row][/et_pb_section][et_pb_section fb_built=&#8220;1&#8243; _builder_version=&#8220;4.16&#8243; global_colors_info=&#8220;{}&#8220;][et_pb_row column_structure=&#8220;2_5,3_5&#8243; _builder_version=&#8220;4.16&#8243; global_colors_info=&#8220;{}&#8220;][et_pb_column type=&#8220;2_5&#8243; _builder_version=&#8220;4.16&#8243; global_colors_info=&#8220;{}&#8220;][et_pb_image src=&#8220;https://www.ernestpianotrio.com/wp-content/uploads/2023/12/Trio-Ernest-2-©-Bernard-Martinez-1.jpg&#8220; _builder_version=&#8220;4.16&#8243; global_colors_info=&#8220;{}&#8220;][/et_pb_image][/et_pb_column][et_pb_column type=&#8220;3_5&#8243; _builder_version=&#8220;4.16&#8243; global_colors_info=&#8220;{}&#8220;][et_pb_text _builder_version=&#8220;4.16&#8243; _dynamic_attributes=&#8220;content&#8220; custom_margin=&#8220;||10px|||&#8220; global_colors_info=&#8220;{}&#8220;]@ET-DC@eyJkeW5hbWljIjp0cnVlLCJjb250ZW50IjoicG9zdF90aXRsZSIsInNldHRpbmdzIjp7ImJlZm9yZSI6IjxoMj4iLCJhZnRlciI6IjxcL2gyPiJ9fQ==@[/et_pb_text][et_pb_text _builder_version=&#8220;4.16&#8243; custom_padding=&#8220;||0px|||&#8220; global_colors_info=&#8220;{}&#8220;]</p>
<p style="text-align: justify;"><i><span style="font-weight: 400;"></span></i></p>
<p style="text-align: justify;"><i><span style="font-weight: 400;"></span></i></p>
<p style="text-align: justify;"><i><span style="font-weight: 400;">« One to watch. The Swiss Trio Ernest are quickly making a name for themselves, injecting youthful energy into new commissions and well known repertoire » </span></i><span style="font-weight: 400;">Gramophone</span></p>
<p style="text-align: justify;"><span>Das 2019 in Genf gegründete französisch-schweizerische Ensemble Trio Ernest hat sich dank seiner einzigartigen Persönlichkeit und seiner modernen und engagierten Herangehensweise an die klassische Musik auf der internationalen Bühne etabliert. Nach einer ersten CD, die von der Presse einhellig gelobt wurde (Editor&#8217;s Choice von Gramophone, Trophée Radio Classique, 5 Diapasons), wird das Jahr 2026 mit der Veröffentlichung eines neuen Opus eröffnet,  </span><em>The Wonderful Adventures of Amanda Maier (Die wunderbaren Abenteuer von Amanda Maier)</em><span>. In Zusammenarbeit mit der Nyckelharpistin Eléonore Billy lässt das Trio hier romantische und traditionelle Musik aufeinandertreffen, um eines der großen Genies des 19. Eine Hommage, die bereits von der Kritik gewürdigt wurde: CD der Woche von ABC Classic (Australien) und Klara (Belgien), das Album erscheint in der wöchentlichen Auswahl von Libération und in zahlreichen internationalen Medien (Portugal, Österreich, Deutschland, etc.). </span></p>
<p style="text-align: justify;"><span style="font-weight: 400;">Diese starke Identität öffnet ihnen die Türen zu den großen internationalen Bühnen, von der Victoria Hall in Genf über das Shanghai Oriental Art Center, die Salle Cortot in Paris, das Bozar in Brüssel, das Schoenberg Center in Wien, das Museo del Violino in Cremona und die Franz Liszt Academy in Budapest. Sie sind auch Gäste bei renommierten Festivals wie dem Flanders Festival Ghent, dem Swiss Chamber Music Festival oder dem Ravel-Festival. Sie arbeiten mit Künstlern wie Ophelia Gaillard, Stephan MacLeod, Gabriel Pidoux, Vassilena Serafimova, dem Orchestre de l&#8217;Opéra de Rouen, dem Orchestre des Pays de Savoie und dem Orchestre Juventutti sowie mit der Schauspielerin Dominique Reymond zusammen und sind sehr interessiert an neuen Begegnungen. Das Trio übernimmt seit 2021 die künstlerische Leitung der Saison  </span><i><span style="font-weight: 400;">Bee Classical !</span></i><span style="font-weight: 400;">  in Genf, wo er sein künstlerisches Universum frei entfalten kann.  </span></p>
<p style="text-align: justify;"><span style="font-weight: 400;">Die drei Musiker, die sich besonders für die Verteidigung der Komponistinnen von gestern und heute einsetzen, sind</span><span style="font-weight: 400;">&#8211;</span><span style="font-weight: 400;">ne</span><span style="font-weight: 400;">&#8211;</span><span style="font-weight: 400;">s programmieren für jedes ihrer Konzerte ein Stück, das von einer Frau komponiert wurde. Im Zuge dessen erhielten sie den Christian Zeller Award für ihre Interpretation des  </span><i><span style="font-weight: 400;">Trio</span></i><span style="font-weight: 400;">  von Maier und nehmen an La Boîte à Pépites teil. In dem Wunsch, zur Dynamik ihres Repertoires beizutragen, gründeten sie die Trios</span><span style="font-weight: 400;">  von Carlos Roque Alsina und Matteo Gualandi und haben viele Arrangements für ihre Formation erstellt. Außerdem sind sie umweltbewusst und reisen innerhalb Europas ohne Flugzeug, um die Auswirkungen ihres Berufs auf das Klima zu begrenzen. Auf diese Weise setzt sich das Trio auf seine Weise für eine zwar klassische, aber vor allem lebendige Musik ein, die mit den Herausforderungen des 21. Jahrhunderts verbunden ist. </span></p>
<p style="text-align: justify;"><span style="font-weight: 400;">Er ist Alumnus der European Chamber Music Academy und hat zahlreiche internationale Preise gewonnen, darunter den Prix Pro Musicis (Paris), den ersten Preis des Verao Classico Chamber Music Award (Lissabon), den Orpheus-Wettbewerb (Zürich) und den Chamber Music Award des ISA-Festivals (Wien). Das Trio ist Preisträger der Académie Villecroze und hat einen Masterabschluss von der Hochschule der Künste Bern in der Klasse von Patrick Jüdt. Als ehemaliger Resident der Chapelle Musicale Reine Elisabeth und des ProQuartetts bildet er sich derzeit bei Mathieu Herzog weiter. </span></p>
<p style="text-align: justify;">Dank der großzügigen Unterstützung der Boubo-Music Foundation (Schweiz) spielt Stanislas Gosset eine Violine von Francesco Goffriller, die um 1735 in Venedig hergestellt wurde, und Clément Dami ein Cello von Giacinto Santagiuliana, das um 1850 in Vincenza hergestellt wurde.</p>
<p style="text-align: justify;"><i><span style="font-weight: 400;">Ohne die Genehmigung des Ernest Trios dürfen keine Änderungen an dieser Biografie vorgenommen werden.</span></i></p>
<p>[/et_pb_text][/et_pb_column][/et_pb_row][/et_pb_section]</p>

<p>Das Ernest Trio besteht aus Stanislas Gosset (Violine), Clément Dami (Cello) und Natasha Roque Alsina (Klavier). Dank seiner einzigartigen Persönlichkeit und seiner modernen und engagierten Herangehensweise an die klassische Musik hat sich das Ernest Trio auf der internationalen Bühne etabliert. Seine erste CD, Haydn All-Stars (Aparté), wurde von der Kritik einhellig gelobt und unter anderem mit einem Editor&#8217;s Choice von Gramophone, einer Trophée Radio Classique und 5 Diapasons ausgezeichnet. Durch die Kombination von Haydns Trios mit Arrangements von Stücken von Brahms und Ravel sowie dem Lieber Joseph der Komponistin Jacqueline Fontyn vertritt das Trio hier seine Vision eines Repertoires, das sich ständig neu erfindet und in der Gegenwart verankert ist. </p>
